s the remainder when j is divided by 2/6 - (-22)/t?
2
Let v(s) = -38*s**2. Let d be v(1). Let i = d - -57. Suppose -5*q + 48 = -h, -5*q + 44 = -0*h - 3*h. Calculate the remainder when i is divided by q.
9
Suppose -26*x + 369 = 57. Let d(q) = 132*q - 1. Calculate the remainder when d(1) is divided by x.
11
Let f(y) = y - 1. Let p be f(6). Suppose -4*q - 2*u = -94, -q - p*u + 91 = 3*q. Suppose -17*l = -1075 + 276. What is the remainder when l is divided by q?
23
Suppose -5 = 4*h - 21. Calculate the remainder when (-1737)/(-21) - h/(-14) is divided by 26.
5
Let j = -161 - -189. Calculate the remainder when j is divided by 16.
12
Let n be 1/(2 + -3) + 1. Suppose 4 = -z, 0*g + 4*g - 2*z - 48 = n. What is the remainder when 19 is divided by 116/g - (-6)/(-10)?
8
Suppose -4*a = a + 20. What is the remainder when 169 is divided by 10 - (0/(-1))/a*1?
9
Let t(s) = 129*s**3 + s**2 - 2*s. Let z be t(1). Suppose -4*q - 59 = -2*v + v, 2*v = -2*q + z. Calculate the remainder when v is divided by 13.
11
Suppose 186*n - 305 = 181*n. Calculate the remainder when n is divided by 43.
18
Suppose -3*z - 59 = -143. Calculate the remainder when 97 is divided by z.
13
Let x = 121 - 15. What is the remainder when x is divided by 9?
7
Suppose -1126 = -14*v + 302. Calculate the remainder when v is divided by 13.
11
Let w(y) = -8*y**2 + 1 + 4*y + 3*y**2 + 6*y**2 - 6*y. Let k(s) = -s**2 + 15*s - 9. What is the remainder when k(9) is divided by w(-3)?
13
Suppose 20*x - 7062 = 98. Calculate the remainder when x is divided by 19.
16
Suppose -3*w - 4*u - 174 = -8*w, 12 = 3*u. Suppose -2*t = -0*t - 300. Calculate the remainder when t is divided by w.
36
What is the remainder when 0/(-2) + -6 - (-106 - 167) is divided by 39?
33
Suppose m - 1 = 2*t, 4*m + 2*t = -t - 40. Let h(u) = -4*u - 16. What is the remainder when h(m) is divided by 5?
2
Let l(q) = 33*q - 225. Calculate the remainder when l(9) is divided by 20.
12
Let i = -1559 - -1594. What is the remainder when i is divided by (-1)/(-1*(-1)/(-13))?
9
Suppose 2*g + 0*l - 30 = -4*l, -3*g + 3*l + 27 = 0. Calculate the remainder when g is divided by 9.
2
Let d(q) = -16*q**2 + 4*q + 15. Let s(v) = -3*v**2 + v + 3. Let m(r) = 2*d(r) - 11*s(r). Calculate the remainder when m(-3) is divided by 9.
6
Let c be (-3)/(3/14) + (-4 - -2). What is the remainder when (-632)/c - (-2)/(-4) is divided by 20?
19
Suppose 198 = 53*z - 120. Calculate the remainder when 35 is divided by z.
5
Let r be -1*((-4)/(-1) - 0). What is the remainder when 16 is divided by (r - -3) + 12 + -3?
0
Suppose -3*y + 17 = 11. Let m be 15 - (y - 3)/1. Suppose -44 = -6*w + m. Calculate the remainder when 26 is divided by w.
6
Let l = -47 + 62. Calculate the remainder when 63 is divided by l.
3
Suppose 1 = b - 0. What is the remainder when 52*b - 7/(-7) is divided by 7?
4
Suppose 22 = 10*h - 9*h. Let c = 6 + -5. What is the remainder when h is divided by ((-24)/14)/(c/(-7))?
10
Let u(o) = -2*o + 45. Let r(v) = -3*v + 68. Let w(g) = 5*r(g) - 7*u(g). Let a be w(8). Suppose s - 1 = a. What is the remainder when 51 is divided by s?
15
Suppose 15*z - 27*z = -1308. What is the remainder when z is divided by 17?
7
Let b be (1136/56 + -4)/((-1)/(-7)). Suppose -2*i + 4 = -b. What is the remainder when i is divided by 24?
11
Suppose -131*b = -132*b + h + 46, -4*b - 3*h = -191. Calculate the remainder when 185 is divided by b.
44
Suppose 360 = -10*k + 18*k. Calculate the remainder when k is divided by 20.
5
Let r = -39 + 59. Let g = -11 + r. Let p = 32 - g. Calculate the remainder when 91 is divided by p.
22
Let v(y) = -y**3 + 4*y**2 + 11*y + 5. Let q be v(6). What is the remainder when 60 is divided by (40/(-28))/(q/7) - -3?
8
Suppose 21*o - 17*o - 632 = 0. Suppose 0 = 4*l - 274 - o. What is the remainder when l is divided by 22?
20
Suppose 21*o = -113 + 3263. Calculate the remainder when o is divided by 76.
74
Let n(v) = v**2 - 9*v + 9. Let z be n(6). Let y = -4 + 11. Calculate the remainder when ((-39)/z + 0)*6 is divided by y.
5
Let i(p) be the first derivative of 7*p**2/2 - 11*p + 5. Let t be i(9). Suppose t - 17 = 5*z. Calculate the remainder when 11 is divided by z.
4
Let u(w) = 9*w**2 - w - 17. Suppose 3*j + 4 = -8. Calculate the remainder when u(j) is divided by 44.
43
Let z = 43 - 42. Suppose 4*f - z - 7 = 0. Calculate the remainder when f is divided by 2.
0
Let r = 236 - 204. Calculate the remainder when r is divided by 17.
15
Suppose -2*g = -4*d + 4, 4*g - 4*d - 10 + 2 = 0. What is the remainder when 105 is divided by g?
3
Suppose 3*s - 2*m - 176 = 0, -3*m + 144 = 2*s + m. Suppose -48 = -8*v + 4*v. Suppose 11*d = v*d - 21. Calculate the remainder when s is divided by d.
20
Suppose -26 = n - 2*n. Let k = -18 + n. What is the remainder when 23 is divided by k?
7
Let t = -27 + 23. Let k = t + 6. What is the remainder when 4 is divided by k?
0
Suppose p = 4 - 0. Suppose 3*b = 3*x - 12, 5*x - x + 4*b - 8 = 0. Suppose -40 = -x*l - 28. Calculate the remainder when p is divided by l.
0
Suppose 5*a - 179 = a + 5*p, -5*a - 2*p = -199. Calculate the remainder when a is divided by 11.
8
Let u(a) = a**2 + a - 5. Let v be u(0). Let o be ((-300)/3)/(1/v). Suppose o = 4*z + 172. What is the remainder when z is divided by 21?
19
Let b(z) = 17*z - 92. Calculate the remainder when b(16) is divided by 26.
24
Let f be 50/6 - 6/18. Suppose -2*x = -6*x - f, -l + 10 = -4*x. Suppose 4*w - 2 = 34. What is the remainder when w is divided by l?
1
Let q = -151 + 226. Let x(d) = -2*d**3 - 21*d**2 + 14*d. Let f be x(-11). Let g = f - -72. What is the remainder when q is divided by g?
36
Suppose 5*t - 27 = 4*t. Suppose -17 - 15 = -5*x + 2*n, 5*x + 3*n - t = 0. What is the remainder when (16/16)/(1/10) is divided by x?
4
Calculate the remainder when 1627 is divided by ((-116)/(-12) - 1) + (-112)/(-84).
7
Let j = 21 - -36. What is the remainder when j is divided by 24?
9
Let c(l) = -l + 11. Let x be c(11). Suppose -2*r + 8 = -x*r. Calculate the remainder when r is divided by ((-11)/(-22))/((-1)/(-6)).
1
Suppose 53 = 22*r - 19*r + 2*j, -3*r = 4*j - 55. What is the remainder when ((-2)/1)/((-2)/49) is divided by r?
15
Let j(a) = 61*a + 11. Let u be j(7). Suppose z = -z - u. Calculate the remainder when z/(-5) + 3/15 is divided by 15.
14
What is the remainder when (3 + -2)/((-8)/(-2168)) is divided by 21?
19
Let z = -1622 - -2593. Calculate the remainder when z is divided by 108.
107
Let x = -281 - -640. Calculate the remainder when x is divided by 20.
19
Let v(w) = -3*w**3 + 2*w**2 + 3*w. Let m be ((-12)/4)/3 - 1. What is the remainder when v(m) is divided by 16?
10
Let v = 386 - 67. What is the remainder when v is divided by 8?
7
Let u(z) = -z**2 - 37*z + 82. Calculate the remainder when u(-37) is divided by 42.
40
What is the remainder when (16/(-80))/(4/(4 + -5864)) is divided by 71?
9
Suppose 4*q = -3*p + 285, 2*p - 206 = -3*q - 16. Calculate the remainder when 474 is divided by p.
94
Suppose -3*a + 88 + 5 = 0. Let l = a + -19. Calculate the remainder when (-93)/(-2) + (-2)/4 is divided by l.
10
Calculate the remainder when 133 is divided by (3 - 30/4)*(-8)/3.
1
Let z(c) = c - 3. Let f be z(10). Let b(y) = -y**2 + 7*y + 2. Let v be b(f). Calculate the remainder when (-175)/(-14) + 1/v is divided by 5.
3
Suppose l = -2*d + 3*l + 2, -d = -2*l - 3. Let g = -3 - d. Let t(v) = -v**3 - 2*v**2 - 3*v. What is the remainder when t(g) is divided by 3?
0
Let p(t) = -t**2 + 11*t - 5. Let a be p(10). Let c be 3/a + (-632)/20. Let g = c - -51. Calculate the remainder when 38 is divided by g.
18
Let p = -29 - -47. Suppose 5*m = 191 + 159. What is the remainder when m is divided by p?
16
Let n = 147 + -95. Suppose 0 = i + 5*c - 4, -12 = -3*i + 3*c - 8*c. Suppose i*j + 3*j - 133 = 0. Calculate the remainder when n is divided by j.
14
Suppose 0 = -2*i - 2 + 10. Suppose 2*c + 3*c = -4*z + 10, 2*z - i*c - 18 = 0. Calculate the remainder when 23 + (-4 + 6 - 8) is divided by z.
2
Suppose -1047*n = -1043*n - 104. What is the remainder when 2/4*-6 - -106 is divided by n?
25
Let t = -461 + 479. Calculate the remainder when t is divided by 2.
0
Suppose 19*h - 14*h - 20 = 0. Suppose -h*g = 4*t + 6 - 242, 0 = 3*g - t - 193. Calculate the remainder when g is divided by 5.
3
Let o = 143 + -130. What is the remainder when 11